4*q(s). What is c(5)?
16
Suppose n + 4*c + 11 = 2*n, 3*c + 15 = 3*n. Suppose -3*w + 3*s - 3 = 0, n*w + s = -0*s - 19. Let o(f) = -f**2 - 6*f - 3. Give o(w).
2
Let y(u) be the first derivative of -8*u**3/3 - u - 20. Let x be -3 - (-2 - 1) - -1. Give y(x).
-9
Let k(m) be the first derivative of -19*m**3/3 + m + 30. Give k(-1).
-18
Let x(v) = -6*v**3 + 12*v**2 + 11*v + 1. Let s(i) = -i**3 + 4*i**2 - 1. Let w(t) = -5*s(t) + x(t). Calculate w(-9).
-12
Let g(a) = -2*a + 9*a - 99*a**2 + 98*a**2. Let b = -10 + 15. What is g(b)?
10
Suppose -5*i - 175 = 5*r, 0 = -2*r - 2*i - i - 73. Let q = 39 + r. Let y(u) = 2*u + 2. What is y(q)?
16
Let c(b) = -b**3 + 4*b**2 - 3*b + 1. Let p be (0 - -3) + (1*-20)/(-5). Let w be 0 + (p/2 - (-7)/(-14)). Determine c(w).
1
Let f be (-3)/(-2)*4/(-6). Let a(q) = -16*q - 23*q + 67*q + 8*q**2 - 27*q. Determine a(f).
7
Let z(x) be the first derivative of -x**3/3 + 5*x**2 - 3*x + 23. Suppose 0 = 5*r - 26 - 24. Let t be z(r). Let q(s) = -s - 3. Give q(t).
0
Let a(j) be the first derivative of 3*j - 3 + 3/2*j**2. Suppose -30 = -8*i + 18*i. Calculate a(i).
-6
Let l(o) = -o**2 + 5*o - 3. Let i(z) = 2*z**2 - 5*z + 3. Let b(f) = -6*i(f) - 7*l(f). Let d(g) = 6*g**2 + 5*g - 2. Let c(a) = -5*b(a) - 4*d(a). What is c(-5)?
-7
Let i(w) be the second derivative of w**4/12 + w**3/2 - 63*w + 1. What is i(3)?
18
Let t(q) = 2*q - 3 + q**2 - 1 - q**3 + q**2 - 2 + 3. Calculate t(4).
-27
Let t = -709 - -711. Let l(d) = d**2 + 1. Let y(s) = -3*s**2 - s - 1. Let v(f) = l(f) - y(f). Give v(t).
20
Suppose 3*b - 4*b + 3*p - 14 = 0, -p = -3. Let c(h) = h**3 + 5*h**2 - 2*h. Give c(b).
10
Let f(y) = -5*y**2 - 2*y + 3. Let d(j) = -6*j**2 - 3*j + 4. Let n(t) = -3*d(t) + 4*f(t). Determine n(2).
-6
Let s(q) = q**3 - 17*q**2 + 16*q + 14. Let f be (-1 - 2)*(-192)/36. What is s(f)?
14
Let m(h) = -h + 5. Let w(t) = t - 19. Let p(c) = -2*m(c) - w(c). Give p(0).
9
Let x(k) = 6*k**2 - 6*k + 5. Let j(y) = 5*y**2 - 5*y + 4. Let p(t) = -5*j(t) + 4*x(t). Let b be 8 + 1 - (0 + -1). Suppose b = 4*i + i. Calculate p(i).
-2
Let b(j) be the second derivative of -j**5/10 + j**4/4 - j**3/6 - j**2 + 184*j. Calculate b(2).
-8
Let z(d) = -d**3 + 3*d**2 + d. Let o(l) = 10*l - 248. Let s be o(25). Determine z(s).
6
Let k(f) = f**3 + 5*f**2 + 9*f + 7. Let u(c) = c**3 + 5*c**2 + 8*c + 6. Let l(p) = 3*k(p) - 4*u(p). Let m = 3670 + -3674. Determine l(m).
1
Let r(z) = z**2 - 7*z - 136. Let i be r(16). Let p(u) = -u**3 + 7*u**2 + 7*u + 5. Calculate p(i).
-3
Let h(p) = -p**2 + 8*p - 1. Let o be h(7). Let i be 0/(-1) - o/2. Let j(z) = -5*z + 6. Let f(d) = 4*d - 6. Let k(n) = 6*f(n) + 5*j(n). Give k(i).
-3
Suppose -n + 0 = -7. Let g be 26*(-3 - n/(-2)). Let l(a) = a - 15. Let b be l(g). Let t(o) = -2*o**2 + o + 2. Calculate t(b).
-8
Let n(v) = v**3 + 14*v**2 + 16*v + 26. Suppose 0 = 2*g + 88 - 62. Calculate n(g).
-13
Let a(d) be the first derivative of 1/3*d**3 + 8 - d**2 - 4*d. Let n(w) = -w**3 + 4*w**2 + w - 1. Let k be n(4). What is a(k)?
-1
Suppose -2*k = 3*k. Suppose k - 12 = -4*h. Let q be (h/9)/((-4)/24). Let c(z) = -2*z**2 - 4*z - 2. Calculate c(q).
-2
Let c(k) = -k**2 - 13*k - 16. Let y be (-2)/10*0 - 11. Let s be c(y). Let p(d) = -d**3 + 5*d**2 + 5*d + 6. Give p(s).
0
Let z(r) = -r**3 - 3*r**2 - 2*r + 2. Let h be z(-2). Let k(j) = 4 + 6*j**2 - j**2 - 3*j**h - j**3 + 4*j**2. Let l be 27/5 + 9/15. Determine k(l).
4
Let g(l) = -5 + 5 + 14 - 2*l**2 - 18*l. Let w be g(-10). Let d(z) be the third derivative of z**5/60 + 5*z**4/24 - z**3/2 + z**2. Calculate d(w).
3
Let z(t) be the first derivative of -3 + 11/2*t**2 + 1/4*t**4 - 5*t - 11/3*t**3. Give z(10).
5
Let o(i) = -i**2 - 2*i + 11. Let b(x) = x - 4. Let v(u) = 8*b(u) + 3*o(u). Suppose -f + 12 = 5*f. Determine v(f).
-7
Let s be 4/36*6*3. Let h(n) = -5*n + 3*n**2 - 2*n**2 + n**s + 1 - n**2. What is h(4)?
-3
Let v(h) = 4*h**3 + 7*h**2 - h + 5. Let x(l) = -3 + 6*l**2 + 3*l**3 + 1 + 6. Let s(i) = -2*v(i) + 3*x(i). What is s(-4)?
-6
Let l(s) = 4*s**2 + 4*s - 1. Let k(v) = -3*v**2 - 3*v + 1. Let h(z) = -5*k(z) - 4*l(z). Let f(w) = 2*w - 10. Let b be f(4). Give h(b).
-3
Let q(i) = -1 + 3*i - 79*i**2 + 78*i**2 - i + 2 + 3*i. What is q(6)?
-5
Let o(z) be the third derivative of z**8/20160 - z**7/1008 + 7*z**6/720 - 3*z**5/5 - 13*z**2. Let k(q) be the third derivative of o(q). What is k(5)?
7
Suppose -11*h = -38 + 159. Let j(t) = -t**3 - 10*t**2 + 12*t + 7. Give j(h).
-4
Let p(w) be the first derivative of -w**3/3 - 5*w**2 + 2*w - 27. Determine p(-9).
11
Let c(p) = -10*p**2 + p + 12. Let b(g) = 31*g**2 - 3*g - 42. Let l(x) = -2*b(x) - 7*c(x). Determine l(1).
7
Let v = 25 - 0. Let r = v + -23. Let q(t) = 2*t**2 - t. What is q(r)?
6
Let j(x) = -1. Let n(v) = v**2 + 12*v + 12. Let a(b) = -3*j(b) - n(b). Calculate a(-6).
27
Let m = 1701 - 1695. Let v(y) be the first derivative of -y**2/2 - 6*y + 1. What is v(m)?
-12
Let y(k) = 2*k - 5*k - 2 + 5*k. Let g be y(1). Let s(j) = 4*j - 10 - 3*j + 0*j. Calculate s(g).
-10
Let q = -40 - -39. Let t(k) = k**2 - k. Let u(x) = 5*x - 6. Let r(b) = q*u(b) + t(b). Calculate r(4).
-2
Let w(h) be the second derivative of 0 + 1/6*h**3 + h**2 + 14*h. Give w(7).
9
Let o(g) = -g**3 + 27*g**2 + 12*g - 45. Let c(r) = -2*r**3 + 53*r**2 + 22*r - 89. Let w(p) = 5*c(p) - 9*o(p). Give w(22).
4
Suppose 27*h - 21*h = 6. Suppose -37*z + 38*z = h. Let g(r) = -r**2 - r + 1. Give g(z).
-1
Let z(d) = d - 173 + 0*d + 82 + 94. What is z(-6)?
-3
Let i(w) = w - 36. Let g = -94 - -94. What is i(g)?
-36
Suppose -3 = p - 3*s, 0 = 4*p - 2*s - s + 3. Suppose 2*d + 2*d - 2*n + 10 = p, 0 = 3*d + 3*n + 12. Let w(i) = -i**3 - 2*i**2 + i. Determine w(d).
6
Let z(t) = 42*t - 1 + 2*t**2 - 20*t - 10*t - 12*t - 42*t**3. Calculate z(1).
-41
Let q(a) be the third derivative of -a**6/120 + a**5/20 + a**4/12 + a**3/2 + a**2. Suppose 150 = 5*d + 5*y, 2*d + y + 2*y = 61. Let o = d + -25. Determine q(o).
-5
Let d(h) = 59*h**3 - h**2 + 1. Let i be d(-1). Let z = i - -65. Let n(q) = -q. Let w(o) = 4*o - 6. Let t(u) = 3*n(u) + w(u). Calculate t(z).
0
Let n(x) = 45*x**3 + 10 + 2*x - 25*x**3 - 6*x**2 - 21*x**3 + x**2. What is n(-5)?
0
Let g(i) = -5*i**3 + 7*i**2 + 8*i + 7. Let o(j) = 8*j**3 - 7*j**2 - 9*j - 8. Let x(k) = 3*g(k) + 2*o(k). Give x(-6).
5
Suppose -13*f - 49 = 29. Let r(p) = p**3 + 7*p**2 + 4*p - 7. Give r(f).
5
Let u(k) be the third derivative of -k**6/120 + k**5/20 + 5*k**4/24 - 2*k**3/3 - 9*k**2 + 7. Give u(3).
11
Let x(g) = 36*g**2 - 3*g + 5*g - 27*g**2 + g + 2 - 1. What is x(-3)?
73
Let c be (12/(-8))/((-15)/(-10)). Let v(s) = -s + 1. Let t(y) = 6*y - 3. Let n(z) = c*t(z) - 5*v(z). Calculate n(2).
-4
Let c(p) = p**3 - 7*p**2 - 4*p - 1. Let m be 14*((-297)/(-486) + (-2)/18). Determine c(m).
-29
Suppose -14 + 10 = -h + k, -16 = -h - 5*k. Let c(w) = w**3 - 7*w**2 + 2*w + 8. What is c(h)?
-16
Suppose -4*u + 38 = 2*s, 6*s = -2*u + 2*s + 34. Suppose 5*j = -2*l - 21, 2*j - 23 = l + u*j. Let z(t) = -2*t**3 + 2*t**2 + t + 1. What is z(l)?
-5
Let i(s) = -s**2 - 6*s - 5. Suppose -w + 12 = -4*w. Let q be i(w). Let x(o) = 3*o. Determine x(q).
9
Let r = 151 - 132. Let j(a) = -a**2 + 20*a - 13. Let p be j(r). Let m(n) = n + 1. Calculate m(p).
7
Let x be (-4)/(4*3)*120/8. Let w(k) = k**3 + 5*k**2 + k - 4. Calculate w(x).
-9
Suppose 4*n + n = -80. Let k = -12 - n. Let x(j) = k*j + j**2 + 2*j - 2*j + 0*j - 3. Determine x(-3).
-6
Suppose -2*m = -m. Suppose m = 5*t - 4*t + 6. Let h(c) = -c**2 - 8*c - 6. Give h(t).
6
Let o(d) be the second derivative of d**3 + 55*d**2/2 - 25*d. What is o(-8)?
7
Let j(g) be the third derivative of -5*g**4/8 + 7*g**2 + g. What is j(1)?
-15
Let i(b) = -4*b + 2. Let s(r) = r. Let y(z) = -i(z) - 3*s(z). Suppose 4*q - 9*q = 0. What is y(q)?
-2
Let p(u) = -2*u + 27. Let g(r) = 2*r - 30. Let m(n) = -4*g(n) - 5*p(n). Determine m(11).
7
Let c = 62 - 57. Suppose 6 = -v + c. Let q(d) = 5*d**3 + d**2 + d + 1. Calculate q(v).
-4
Suppose 11 - 15 = 2*q. Let n be (q/2)/(2/(-6)). Let h(y) = 2 - 5*y**2 - 4*y - y**n + 4*y**2 + 7*y**2. What is h(5)?
7
Let v(n) = n - 4*n + 2*n**2 + 2*n**2 - 3*n**3 + 2*n**3. Suppose -2*f = -3 - 1. Suppose 3*u = -3*y, f*u + 2 = 2*y - 6. Give v(y).
2
Let r(j) = 2*j**3 + j**2 + j + 7. Let z(k) = -k**3 - k**2 - k + 1. Suppose -42 = -2*o - 44. Let d(y) = o*r(y) - z(y). Calculate d(0).
-8
Let r be (-1 - -2)*(2 + 0). Let j(